(-22).
-189
Let x(g) = -5*g**3 + 217*g**2 - 2139*g + 160. What is x(15)?
25
Let l(z) = -22378*z - 223770. Give l(-10).
10
Let o(m) = -4*m**2 - 515*m + 5032. What is o(-138)?
-74
Let f(j) = -18*j**2 - 747*j - 4051. What is f(-6)?
-217
Let l(y) = -y**2 + 2*y + 8277. Determine l(-90).
-3
Let o(u) = -u**2 + 67*u + 544. What is o(-6)?
106
Let s(t) = t**3 + 23*t**2 - 29*t - 957. Give s(-22).
165
Let n(w) = 595*w**2 - 3044*w - 3128. What is n(6)?
28
Let s(b) = 824*b**2 + 56052*b + 1351. What is s(-68)?
-9
Let j(b) = -6*b**3 - 713*b**2 + 267*b + 17617. What is j(-119)?
5
Let d(q) = -2278*q + 25088. Calculate d(11).
30
Let k(m) = 77*m**2 + 425*m + 215. Determine k(-5).
15
Let a(l) = -676*l**2 - 651*l + 20. What is a(-1)?
-5
Let b(a) = 143*a**2 + 1712*a + 5044. Give b(-6).
-80
Let m(y) = -2051*y + 67801. Give m(33).
118
Let j(w) = 37*w**3 - 3227*w**2 + 660*w + 3145. Calculate j(87).
13
Let x(n) = 33442*n + 1270831. What is x(-38)?
35
Let h(s) = -s**3 - 12*s**2 + 5086*s + 61051. Calculate h(-12).
19
Let a(y) = 22*y**2 - 1404*y + 3789. What is a(61)?
7
Let o(k) = -1409*k - 28505. Give o(-20).
-325
Let q(h) = 366*h**2 - 97*h + 20. Determine q(2).
1290
Let u(z) = 10*z**2 - 205*z + 584. Determine u(17).
-11
Let a(q) = -105*q**2 + 2531*q + 16. Give a(24).
280
Let o(g) = 3*g**3 - 146*g**2 - 2200*g - 3466. Give o(61).
11
Let c(b) = 5*b**3 - 90*b**2 - 214*b - 121. What is c(21)?
2000
Let j(g) = -g**3 - 121*g**2 - 954*g - 5619. What is j(-113)?
31
Let b(j) = 3682*j + 10786. Determine b(-3).
-260
Let f(l) = 106*l**2 + 1823*l + 3643. Give f(-2).
421
Let u(s) = 3809*s**2 - 228536*s - 248. Determine u(60).
-8
Let o(p) = -15*p**2 + 241*p - 3716. What is o(15)?
-3476
Let n(u) = -34717*u + 312679. Calculate n(9).
226
Let r(w) = -w**2 - 179894*w - 12947175. What is r(-72)?
9
Let f(q) = q**3 - 6*q**2 - 194*q + 8. Give f(17).
-111
Let i(w) = w**3 - 336*w**2 + 1152*w - 50950. Give i(333).
-1
Let r(p) = -5669*p + 4178043. Determine r(737).
-10
Let f(y) = 2*y**2 + 212*y + 3702. Calculate f(-82).
-234
Let a(m) = -2*m**3 + 2527*m**2 - 10068*m - 12. Determine a(4).
20
Let x(o) = -8*o**3 + 762*o**2 + 3067*o + 6. Determine x(-4).
442
Let f(p) = -44*p**3 - 3*p**2 + 12*p - 39. What is f(3)?
-1218
Let r(i) = 22*i**2 - 2127*i - 18352. What is r(-8)?
72
Let z(s) = -2733*s + 35896. What is z(13)?
367
Let o(i) = i**3 + 48*i**2 - 1385*i + 509. Calculate o(20).
9
Let w(f) = -57239*f + 228969. Give w(4).
13
Let r(s) = 11*s**3 + 100*s**2 - 18318*s - 164943. Calculate r(-9).
0
Let n(c) = -4*c**2 + 1248*c - 3694. Give n(3).
14
Let s(z) = 2336*z - 44386. Give s(19).
-2
Let m(n) = 3222*n - 13509. Calculate m(4).
-621
Let y(z) = 4472*z + 12753. What is y(-3)?
-663
Let k(l) = -l**2 - 193*l + 8752. What is k(-230)?
242
Let n(p) = -34900*p + 907460. What is n(26)?
60
Let m(l) = 237*l + 67527. What is m(-287)?
-492
Let w(h) = 564968*h - 2824855. Calculate w(5).
-15
Let w(b) = 8927*b + 5204435. What is w(-583)?
-6
Let u(n) = -30*n**2 - 1271*n - 473. Determine u(-42).
-11
Let s(q) = -2*q**3 + 46*q**2 + 186*q + 801. Calculate s(27).
-9
Let f(l) = -2*l**3 - 9*l**2 - 838*l - 2484. What is f(-3)?
3
Let f(t) = -141*t**3 + 579*t**2 - 60*t + 1. Calculate f(4).
1
Let t(m) = 2696*m + 45373. Give t(-17).
-459
Let f(t) = -t**3 + 9*t**2 + 226*t + 39. Calculate f(-11).
-27
Let z(n) = 548982*n + 548991. What is z(-1)?
9
Let n(g) = -12*g**2 + 4648*g - 15356. Calculate n(384).
4
Let n(g) = 6102*g - 18047. Calculate n(3).
259
Let l(q) = q**3 + 28*q**2 - 8*q - 138. Give l(-28).
86
Let x(z) = z**3 + 5*z**2 + 23393*z + 140403. Give x(-6).
9
Let n(m) = m**2 + 4523*m + 258974. Determine n(-58).
4
Let i(f) = -16*f**2 - 3767*f + 108768. What is i(26)?
10
Let y(w) = -w**2 + 182*w + 184113. What is y(-348)?
-327
Let v(h) = -2*h**2 - 230993*h + 2541175. Determine v(11).
10
Let f(j) = 861*j - 57430. What is f(67)?
257
Let k(a) = a**3 - 67*a**2 - 1282*a - 5447. What is k(-9)?
-65
Let f(o) = -14*o**2 - 8194*o + 74894. Give f(9).
14
Let a(p) = 2*p**3 + 3223*p**2 - 17784*p + 4852. What is a(-1617)?
1
Let s(i) = -28445*i + 312801. Calculate s(11).
-94
Let m(q) = -q**3 + 31*q**2 + 36*q - 72. Calculate m(31).
1044
Let n(f) = -1633*f - 86670. Give n(-53).
-121
Let x(l) = 166423*l + 499116. Determine x(-3).
-153
Let x(f) = 1254*f - 44. Give x(2).
2464
Let r(v) = -v**3 + 10*v**2 - 92*v + 931. What is r(10)?
11
Let h(q) = 208*q + 132232. What is h(-636)?
-56
Let g(j) = -23*j**3 - 370*j**2 - 4*j + 169. Calculate g(-15).
-5396
Let y(o) = -o**3 + 98*o**2 + 301*o - 11370. Calculate y(100).
-1270
Let r(y) = -y**3 + 13*y**2 + 850*y + 3168. Determine r(-4).
40
Let r(b) = 104*b**2 - 205*b - 391. Calculate r(-2).
435
Let q(u) = -14660*u - 14945. Give q(-1).
-285
Let s(m) = 99*m + 21359. Calculate s(-218).
-223
Let u(x) = -x**3 - 33*x**2 - 109*x - 190. Calculate u(-30).
380
Let i(b) = 9717*b - 29427. Give i(3).
-276
Let s(u) = -21*u**3 - 1154*u**2 + 146*u + 4997. Determine s(-55).
-8
Let c(f) = 99*f - 18093. What is c(177)?
-570
Let a(d) = 12*d**3 - 303*d**2 - 1224*d - 32. Calculate a(-4).
-752
Let o(w) = 327*w**2 - 79*w + 1. Give o(1).
249
Let f(o) = -4*o**2 + 46*o + 985. What is f(24)?
-215
Let f(c) = -c**3 - 349*c**2 - 28367*c + 426. Calculate f(-129).
-1251
Let x(s) = s**2 - 738*s + 11943. What is x(16)?
391
Let d(t) = -t**3 - 279*t**2 + 1694*t - 1413. Calculate d(1).
1
Let t(j) = 27*j**3 + 160*j**2 + 21*j + 39. Determine t(-6).
-159
Let d(x) = 8791*x - 45767. Give d(5).
-1812
Let z(g) = 234*g**2 - 331*g - 551. Determine z(-1).
14
Let q(n) = -26*n**2 - 474*n - 1775. Calculate q(-13).
-7
Let c(f) = -6172*f - 90601. What is c(-15)?
1979
Let s(v) = v**2 - 350*v + 16686. Give s(57).
-15
Let y(l) = -l**3 + 14*l**2 - 185*l + 926. Calculate y(7).
-26
Let x(y) = 10*y**2 - 344*y + 312. Give x(13).
-2470
Let z(y) = -y**3 - 25*y**2 - 62*y + 149. Calculate z(-23).
517
Let a(m) = -9*m**2 + 4029*m - 44301. Give a(11).
-1071
Let x(n) = -407*n**2 + 12234*n - 710. Calculate x(30).
10
Let p(i) = -5*i - 309. Calculate p(-30).
-159
Let b(j) = 794*j + 6488. Give b(-11).
-2246
Let a(k) = -3*k**2 + 33299*k + 266588. What is a(-8)?
4
Let k(j) = -39*j**2 - 2140*j + 502. What is k(-56)?
-1962
Let m(s) = 2226*s + 22282. Calculate m(-10).
22
Let y(l) = -5*l**2 + 74*l + 295. What is y(26)?
-1161
Let c(r) = -396*r**2 - 11451*r + 968. Determine c(-29).
11
Let z(n) = 4*n**2 + 2599*n + 376479. Give z(-218).
-7
Let g(v) = 15*v**3 - 11479*v**2 + 3038*v + 16822. What is g(765)?
-8
Let f(i) = 14*i**2 + 522*i - 16211. Determine f(20).
-171
Let m(b) = -628*b + 10389. Give m(12).
2853
Let i(b) = b**2 + 2092*b - 74310. Give i(35).
135
Let i(a) = 2993*a + 158626. What is i(-53)?
-3
Let s(g) = 5*g**3 + 765*g**2 + 45*g + 6897. Give s(-153).
12
Let x(l) = -l**3 - 12*l**2 - 13*l + 92. Give x(-17).
1758
Let w(c) = 2*c**3 + 6*c**2 + 248*c - 3034. Determine w(10).
2046
Let p(s) = -s**3 - 6*s**2 - 81*s - 714. Calculate p(-7).
-98
Let u(b) = -b**3 - 28*b**2 - 115*b - 3994. What is u(-29)?
182
Let d(l) = 5*l**3 - 18*l**2 + 22*l - 55. Determine d(4).
65
Let h(w) = -w**3 - 145*w**2 + 2471*w + 376552. Give h(-144).
-8
Let p(u) = 12*u**2 + 97*u + 608. Give p(-5).
423
Let h(f) = -3*f**3 - 458*f**2 - 12846*f - 194. Calculate h(-37).
65
Let i(x) = -75447*x - 2640652. Determine i(-35).
-7
Let d(k) = -2*k**3 + 164*k**2 + 208*k - 3027. Give d(83).
459
Let s(m) = -110*m + 460. Give s(3).
130
Let o(y) = -579*y + 2325. What is o(4)?
9
Let q(s) = -2*s**3 + 15*s**2 - 17*s + 25. What is q(5)?
65
Let l(y) = 271*y**2 - 23816*y - 2847. Give l(88).
-31
Let g(c) = 58*c**2 + 1615*c - 349. Give g(-28).
-97
Let m(v) = 17*v**2 - 1464*v + 4415. Determine m(83).
16
Let b(k) = -1525*k + 2588. What is b(3)?
-1987
Let q(v) = 26102*v + 208808. Determine q(-8).
-8
Let n(b) = -b**2 - 1648*b + 83087. Determine n(49).
-66
Let f(b) = 26887*b + 241960. Calculate f(-9).
-23
Let s(t) = -17*t**2 + 1187*t - 5915. Give s(5).
-405
Let j(p) = p**3 - 188*p**2 + 541*p - 2196. Determine j(185).
-4786
Let d(j) = j**3 - 6011*j**2 + 167519*j + 131. Calculate d(28).
-9
Let l(w) = 4*w**3 + 45*w**2 + 41*w - 80. Give l(-10).
10
Let j(p) = 140294*p - 2104417. Calculate j(15).
-7
Let u(b) = b**3 - 100*b**2 - 1854*b - 8. Determine u(-16).
-40
Let v(c) = 6*c**2 + 465*c - 4639. Give v(9).
32
Let l(z) = -z**2 - 807*z - 93587. Give l(-140).
-207
Let t(